ainder when i is divided by 40 - 0/((-2)/2)?
38
Let g be 1/4 - 147/(-4). Let l = g + -23. Let z(o) = o**3 - o**2 + 25. What is the remainder when z(0) is divided by l?
11
Suppose 5*s - 4*k - 32 = 0, -23*s - k - 38 = -28*s. What is the remainder when 140 is divided by s?
4
Suppose -k + 0 = -5. Suppose 5*w = g + 2020, -3*g - 5*w = -0*w + 6080. Calculate the remainder when g/(-105) - 2/7 is divided by k.
4
Suppose -1 + 9 = 4*c. Suppose c*n - 111 = -29. Suppose 0 = -4*z + 2 + 42. Calculate the remainder when n is divided by z.
8
Let v(i) = 45*i**2 + 70*i + 139. What is the remainder when v(-2) is divided by 49?
32
Let t(u) = u**2 - u - 5. Let h = 16 - -3. What is the remainder when t(7) is divided by h?
18
Suppose -3253*p + 3258*p - 290 = 0. What is the remainder when p is divided by 54?
4
Let o = 21 + -37. Let k = -3 - o. What is the remainder when k is divided by 5?
3
Let j(c) = -2*c**2 + 9*c + 12. What is the remainder when 34 is divided by j(5)?
6
Let v = -154 - -159. Let w = 6 - -13. Calculate the remainder when w is divided by v.
4
Let d(s) = s**2 - 21*s + 4. Let y(k) = -k**2 + k - 1. Let m(a) = d(a) + 2*y(a). What is the remainder when m(-18) is divided by 1 - 1 - 12*-1?
8
Let s(x) = -2*x**2 - 13*x - 5. Let z be s(-5). Suppose -8*n + z*n - 10 = 0. What is the remainder when 89 is divided by n?
4
Let i = 6 + -1. Suppose 4*a = 0, 5*u + a = i + 5. What is the remainder when 19 is divided by ((-7)/(-5))/(u/10)?
5
Calculate the remainder when (183/(-2))/(35/(-70)) is divided by 44.
7
Let z be ((-94)/4)/((-2)/4). Suppose -x - 44 = -2*s, 3*s + 3*x - z = 10. Calculate the remainder when s is divided by 11.
10
Suppose 3*s - 2*s - 2 = 0. What is the remainder when ((-63)/5)/(6/(-20)) is divided by 13 + (s - (6 - 2))?
9
Suppose -2*h = z - 43, z + 3 = 4*h + 40. Calculate the remainder when z is divided by (0 - (-22)/6)*6.
19
Let o(a) = a**2 - 8*a - 18. What is the remainder when 449 is divided by o(12)?
29
Suppose -4*s - 5*t + 626 = 0, -4*s - 2*t - 163 = -5*s. Calculate the remainder when s is divided by 31.
4
Calculate the remainder when 190 is divided by (0 - 4)/(8/(-92)).
6
Calculate the remainder when 7036/18 - 26/(-234) is divided by 99.
94
Let n(z) = 26*z - 404. What is the remainder when 224 is divided by n(24)?
4
Let g(a) = a**3 - 4*a**2 - 5*a + 3. Calculate the remainder when (-6 - -8 - -3) + 3 is divided by g(5).
2
Let f = -59 - -71. Let g(x) = x**2 - 4*x - 38. What is the remainder when g(11) is divided by f?
3
Let k = 369 + -307. Let o(i) = 3*i**2 + 3*i - 4. Calculate the remainder when k is divided by o(-4).
30
Let b be 16/2 + -4 - -39. Let s = -23 + b. Calculate the remainder when 2/(1/((-154)/(-4))) is divided by s.
17
Suppose -5*d + 5 - 12 = -h, -2*d = 2. Suppose 0 = -h*z + 4*z - 158. Calculate the remainder when z is divided by -2 + (261/3)/3.
25
Suppose -17 = -o - 5. Suppose 0 = q + 3*q - 32. Suppose -o*m + 11*m = -q. Calculate the remainder when 12 is divided by m.
4
Let w = 807 + -780. Calculate the remainder when 76 is divided by w.
22
Suppose f - 31 = 3*c, -4*c + 52 = -2*f + 4*f. Suppose 5*d - 2*d = 48. Calculate the remainder when f + 4/d*4 is divided by 10.
9
Suppose 7*y = 4*y - 45. What is the remainder when (y/(-5))/((-3)/(-38)) is divided by 6?
2
Let i(n) = -5*n**2 + 23*n - 17. Let s(d) = -2*d**2 + 11*d - 8. Let a(l) = 3*i(l) - 7*s(l). What is the remainder when 20 is divided by a(-7)?
8
Let b(a) = -a + 38. Let z(f) = -11*f**3 + 3*f**2 - 1. Let h be z(1). Calculate the remainder when 279 is divided by b(h).
44
Let p = 1191 + -1150. Calculate the remainder when 68 is divided by p.
27
Let q = -90 - -151. Suppose q = 4*r - 0*w - 5*w, 3*w = -4*r + 85. What is the remainder when 68 is divided by r?
11
Suppose 0 = 3*z - 5*d - 12, z + 16 = 5*z + 2*d. What is the remainder when 11/(-7)*(42 - 49) is divided by z?
3
What is the remainder when (-35)/(-49)*21/(-3) + 266 is divided by 14?
9
Suppose 0 = -j + 5 - 4. Let z(d) = -d**3 - d + 1. Let v be z(j). Calculate the remainder when 32 + 0 - 1/v is divided by 17.
16
Suppose -52*b = 479 - 3911. What is the remainder when 525 is divided by b?
63
What is the remainder when ((-35184)/30)/8*-5 is divided by 123?
118
Let v = 515 + -485. What is the remainder when 149 is divided by v?
29
Suppose -3*a + 4*k = -6, 4 = 5*a + k - 6. What is the remainder when 369 is divided by a?
1
Let h be ((-45)/(-15))/(6/56). Suppose 70 = 5*p - 5*b + 3*b, 2*p = 2*b + h. What is the remainder when 39 is divided by p?
11
What is the remainder when 60 is divided by (-2)/6*(-516)/4?
17
Let d(g) = -g**2 + 9*g - 10. Let h be d(9). Suppose -10*f + 7*f = -45. What is the remainder when 584/20 + 2/h is divided by f?
14
Let f(t) = -23*t**3 + t. Let m be (0 - -2) + (-5778)/(-9). Calculate the remainder when f(-1) is divided by -2 + 2/(-9) + m/63.
6
Suppose 2*f - 1 = 17. Suppose -f*b + 7*b = -16. What is the remainder when 28 is divided by b?
4
Let k(y) = y**3 - 5*y**2 - 2*y - 2. Suppose -2*h + 5 = -7. Let x be k(h). Let a = x + 6. What is the remainder when a is divided by 10?
8
Suppose 19 = 7*i - 23. Suppose 1 = i*u - 347. Suppose 0 = m - 8 - 7. Calculate the remainder when u is divided by m.
13
Let t = 8 - 7. Let r = 118 - 81. What is the remainder when r is divided by (-244)/305*-1*(9 + t)?
5
Let q be ((-18)/(-27))/(6/927). Suppose 2*m - 58 = 2*f, -4*f + 12 = 3*m - q. Let v(x) = -2*x - 13. Calculate the remainder when m is divided by v(-11).
6
Suppose 5*j = 4*g - 7 - 25, 4*g + 2*j - 32 = 0. Suppose -4*f + 20 = 0, 5*x - 18 = -2*f + 22. What is the remainder when g is divided by x?
2
Let k(j) = j**3 - 3*j**2 + 3*j - 4. Suppose 3*v - 9 = -0*v. Let b be k(v). Suppose b*d - 5 = 5. What is the remainder when 4 is divided by d?
0
Suppose 10*g - 80 = 2*g. Let i = -53 - -121. Calculate the remainder when i is divided by g.
8
Suppose -14*g + b - 61 = -16*g, 0 = g + 3*b - 33. Calculate the remainder when 62 is divided by g.
2
Let d = -251 - -440. Let k = 300 - d. What is the remainder when k is divided by 16?
15
Suppose -2*v + 6*v = 16, -3*g + 157 = -2*v. Calculate the remainder when g is divided by 32.
23
Let a(t) = 46*t - 227. What is the remainder when 96 is divided by a(6)?
47
Suppose 0 = -5*h + 8 + 7. Suppose h*t - 4 = 2. What is the remainder when (-1 - 17/(-6)) + 9/54 is divided by t?
0
Suppose 0 = 3*b + 4*r - 70, 4*b = -r + 75 + 27. Calculate the remainder when 179 is divided by b.
23
Calculate the remainder when 1/((-6)/(-1608))*3/12 is divided by 36.
31
Let y = -34 - -24. Calculate the remainder when 25 is divided by y/(-45) + (-79)/(-9).
7
Suppose -3*t + 375 = -4*a, -t + 3*a - 7*a = -125. Suppose -279 = -8*p - 23. What is the remainder when t is divided by p?
29
Let a(o) = -o**2 - 25*o - 52. Let w = -178 + 280. Let p = 155 - w. What is the remainder when p is divided by a(-22)?
11
Let s(k) = k**3 + 9*k**2 - 1. Suppose -6*b + 58 = -3*b + 28. Calculate the remainder when s(-7) is divided by b.
7
Suppose 37 = 5*h - 2*p - 33, -2*h + p + 27 = 0. What is the remainder when 92 is divided by h?
12
Let c(k) = 11 + 2*k - 3*k - 9. What is the remainder when 15 is divided by c(-6)?
7
Let o = 922 + -907. Let g(a) = 2*a**2 + 8*a + 5. What is the remainder when g(-6) is divided by o?
14
Let k = -2 - -5. Let s be 5/10 + k/2. Calculate the remainder when 2*1/s - -27 is divided by 10.
8
Suppose -v = 6*v - 1155. Suppose -5*y = 5*l - v, -l + 2*y - 99 = -4*l. What is the remainder when l is divided by 12?
9
Suppose -2*l - 6*o = -7*o - 41, -3*o - 69 = -3*l. Let q = 6 + l. Suppose 33 + 247 = 4*t. What is the remainder when t is divided by q?
22
Suppose 1126 - 366 = 10*j. Calculate the remainder when j is divided by 27.
22
Let k(r) = -r**2 - 32*r - 73. What is the remainder when k(-21) is divided by 54?
50
Let w = -40 - -57. What is the remainder when w is divided by 4?
1
Suppose -5*h - 68 = -438. Let q = -1717 + 1736. Calculate the remainder when h is divided by q.
17
Let p = -22 - -40. Let q be (-24)/16 + 2/(-4). Calculate the remainder when (-3)/q*(-212)/(-6) is divided by p.
17
Let s = 21 - 9. Calculate the remainder when s - 4/(-8 + 4) is divided by 8.
5
Let i(n) = 2*n**3 - 2*n**2 - 4. Let m be i(2). Suppose -5*v = m*a - 25, 2*v + v + 4*a = 7. Calculate the remainder when v is divided by 7.
2
Let b = 1 - -8. What is the remainder when